6) + 15 + -9.
-1
What is 3 + -11 + 21 + -6?
7
What is -5 + 4 + -1 + 6?
4
Evaluate -1 - (4 + -1 - 2).
-2
Calculate 0 + (2 + -3 - 8 - -12).
3
What is the value of 0 + 3 + 6 + -14?
-5
Evaluate -1 - (-1 - (0 - 1)).
-1
What is the value of -14 + 11 + -9 + 20?
8
Calculate -2 - (-4 + -5) - (3 - 1).
5
What is the value of -12 + 13 + 1 + 1?
3
(-12 - (-5 - 2) - -8) + -5
-2
-10 + 4 + 7 + -1
0
Evaluate -4 + (1 - -2) + -5.
-6
What is 0 + -2 + 10 + -11?
-3
-2 + 6 + -7 - -5
2
What is the value of 3 - (8 + -10 + 8)?
-3
17 - (14 + -9 + 3)
9
What is 8 - (6 + (-2 - (4 + -3)))?
5
-1 - (-5 + 0 + (6 - 5))
3
What is the value of -1 + (4 - (-2 - -2)) + 6?
9
What is 19 - 20 - (-4 - -1)?
2
-8 - (-10 - (6 - 14))
-6
What is -3 + 8 + -14 + 10?
1
Evaluate -61 - -61 - (1 - -1).
-2
-4 - (-6 + 7 - 3)
-2
What is 4 + -8 + -6 + 5?
-5
Evaluate -6 + 0 + (-7 - (-27 - -13)).
1
Calculate (3 - (0 + 2)) + 33 + -30.
4
-5 - (-12 + 3 + 12)
-8
What is (-4 - 5) + (6 - 5)?
-8
Evaluate (6 + -7 - -1) + -7 + 5.
-2
What is the value of -2 - 1 - (7 - 7)?
-3
What is 0 - (4 - (-1 + 2))?
-3
What is the value of 2 - -3 - (1 - (-4 - 1))?
-1
What is the value of 11 + (-9 + 3 - 4)?
1
0 + 0 + -7 + 5 - -8
6
3 + (3 + -16 - -4 - -5)
-1
What is -4 - (-4 - -9) - -8?
-1
Evaluate -4 - (6 + (4 - 19)).
5
What is -6 + 7 + -9 + 0?
-8
What is the value of 3 - (5 - -3) - -4?
-1
What is -4 - (6 + -10) - (0 + 0)?
0
Evaluate -1 + -1 + (-5 - 10) + 13.
-4
What is 6 - (6 + -3 - -4)?
-1
4 + (-4 - 1) + 4
3
What is the value of 1 + 4 + -2 + 14 + -10?
7
What is the value of 9 - (7 + (11 - 5))?
-4
What is the value of 5 + -1 + -2 - 5?
-3
3 - (2 - (0 + (-2 - -5)))
4
-4 + (-4 - -2 - -8)
2
What is the value of 19 - 3 - (1 - -5)?
10
-2 - (2 - (2 - -7))
5
What is the value of -2 - (-5 - (4 - 5))?
2
What is 0 + (-2 - (2 - 0))?
-4
Calculate 2 + -1 - (-13 + 12).
2
-3 + -4 + 2 - -2
-3
What is 7 + (5 - 4) + -5?
3
What is -3 + -4 + 3 - (-6 + 3)?
-1
What is -6 + -8 + 3 + 16 + -4?
1
Calculate -4 - -1 - ((-1 - 5) + -2).
5
Evaluate 1 + -7 - (-9 + 3).
0
What is the value of 2 - ((-7 - -5) + 4)?
0
Calculate -5 + (0 - 1) - (-34 + 30).
-2
What is the value of (0 - -4) + -13 - (0 - 5)?
-4
What is the value of 7 + (-1 - -1) + -12?
-5
31 + -27 + (0 - (-2 - -1))
5
Calculate 0 + (0 - -8) + (-19 - -16).
5
(-1 - -2 - 5) + (4 - 1)
-1
Calculate 3 - (0 + 0) - (-1 - -3).
1
Calculate (1 - (1 + -4)) + 0.
4
Evaluate 3 + (2 - 4) + 3 - -1.
5
What is the value of 5 - (1 + 0) - (-1 + 6)?
-1
Evaluate -7 - 3 - -6 - -3.
-1
What is the value of 0 + 6 + 1 + 2 - 3?
6
What is the value of -5 - (-5 - -2 - (8 + -8))?
-2
What is -10 + (4 - (5 - 7))?
-4
Evaluate 10 + (-6 - 1) - -1.
4
40 + -49 - (0 + -7)
-2
Calculate (94 - 94) + (5 - (-2 + 2)).
5
Calculate -7 + (5 - (5 + -7)).
0
Evaluate 15 - (12 + 3) - (0 + 2).
-2
Evaluate (-3 - -7) + -6 + 2.
0
Evaluate -4 + (-1 - 0) - (33 + -35).
-3
What is the value of -1 + (0 - 0 - 0) + 2?
1
Evaluate (-2 - 9) + 6 + -1.
-6
-5 + 1 - (-2 + 4 + -5)
-1
What is the value of -5 + 8 + -8 + -1?
-6
What is 6 + 2 + -2 + -1?
5
0 - (1 + 1 + -6 + 7)
-3
Calculate 5 + -1 + (-8 - (7 - 11)).
0
What is 2 - -4 - (2 - 0 - 2)?
6
Calculate 15 + -14 - 4 - -2.
-1
Calculate 0 - (-7 - (-3 + 5 - 2)).
7
-3 + (1 + -1 - (1 + -4))
0
Calculate -5 + -3 + 5 + -2.
-5
What is 7 + -3 - 5 - -5?
4
(2 - 1) + (41 - 38)
4
What is 5 + (-6 - -5) + -4?
0
What is 12 + -34 - -16 - (-1 - -1)?
-6
What is the value of (-3 + 6 - -2) + -1 + -4?
0
Evaluate (0 - 5) + (-11 + 5 - -10).
-1
-3 - -3 - (16 + -8 + -3)
-5
0 - (2 + (1 + -5 - 1))
3
Evaluate (1 - (-3 - -1)) + (-12 - -15).
6
Calculate 9 + (4 - (15 - 4)).
2
What is (3 - (3 - -1)) + 3?
2
What is 1 - ((-4 - -6) + -3)?
2
Calculate 5 - (-2 + 6) - 3.
-2
Evaluate -35 + 34 - (1 + 2).
-4
Calculate (-3 - 1 - -6) + -5.
-3
Evaluate 13 + -13 + (-12 - -4).
-8
Evaluate (-4 - -10 - 4) + -6.
-4
Calculate (-1 - (-1 + 3)) + -1.
-4
What is (-16 - -6) + (0 - -3) + 3?
-4
What is (1 + -1 - -2) + 6 + -6?
2
What is the value of -1 - (-9 - (2 - (3 + 2)))?
5
(-15 - -7) + 8 - -1
1
Calculate 3 + (-1 + -1 - -1) - 0.
2
Evaluate -33 + 30 - (-2 + -1).
0
What is the value of -20 - -9 - -8 - (-4 + 0)?
1
Calculate -3 - (-9 + -8 + 13).
1
Calculate -5 + (-7 + 8 - -5).
1
Evaluate (1 - -2) + 2 - 3.
2
What is the value of -11 - -6 - (-1 + -4)?
0
What is (7 - 9 - 4) + -1?
-7
(5 - 8) + (0 - -10)
7
What is 2 + (-3 + -6 - -5)?
-2
What is 5 - (12 + (-3 - 3))?
-1
What is (-3 - -11) + 2 + -8?
2
What is -2 - -8 - -1 - 9?
-2
Calculate 0 - 3 - (-1 + -2).
0
Calculate 5 - (-2 + (-2 + 2 - -2)).
5
What is the value of (22 + -7 - 7) + -9?
-1
What is 0 - (-3 - (-2 + 0))?
1
What is the value of 2 - (-1 + 2) - (-6 - -3)?
4
What is the value of (1 - 4) + (7 - 3) - 1?
0
What is the value of -1 + -3 + (-1 - -13) - 3?
5
What is (-2 - 7) + (-7 - -12 - 1)?
-5
What is 6 + -9 + (13 - 4)?
6
Evaluate -2 + -4 + (26 - 19).
1
Calculate -6 - ((6 - 31) + 11).
8
-3 - -7 - (3 - 1)
2
What is (-2 - 2) + 6 + -4 + -3?
-5
What is (8 - 10) + (5 - 5) - -6?
4
Calculate (2 - 4) + 1 + 2 + 4.
5
What is -7 - (-4 - -1 - -1)?
-5
What is (1 - 2) + (1 - -2)?
2
Evaluate -4 + (-6 + 6 - 4 - -3).
-5
-7 + 5 - (-1 + (-1 - 2))
2
What is the value of (-2 - -10) + (-34 - -23)?
-3
Calculate -9 - (-16 - -11) - -12.
8
Calculate (1 + -1 - 1) + (28 - 31).
-4
Calculate -3 + 1 - (-2 + 5).
-5
Evaluate -5 - (-1 - (5 + -4)).
-3
What is (-2 - -6 - 5) + -3?
-4
(4 + -4 - 3) + 1 + 0
-2
Calculate 4 + -9 + 2 - -6 - 13.
-10
What is -2 + -2 + (1 - 2)?
-5
Evaluate 1 - 9 - (-7 - -4).
-5
What is the value of -9 + (22 + -5 - 5)?
3
Evaluate 8 + -5 + (-3 - 0).
0
5 + (4 - 6) + 0
3
What is (-6 - -13) + -1 + 6 - 3?
9
What is the value of (15 - 11) + 4 - 10?
-2
-5 + (1 - -4) + 0 - -1
1
Evaluate 2 - 1 - (40 - 34).
-5
5 + -7 + 8 + (4 - 6)
4
Evaluate -2 + (-1 - (0 - 5)).
2
What is the value of (2 - (0 + 3)) + (0 - 3)?
-4
Evaluate 0 + 2 + (-1 - 8) - -2.
-5
Evaluate -21 + 29 + 1 + (-7 - 3).
-1
Evaluate 5 - (-2 + 5 + -4 - 1).
7
Evaluate 4 - 4 - (-2 + 4).
-2
(-4 - -8) + (0 - 7) - -8
5
Evaluate (-4 - 7) + 4 + 7.
0
What is the value of -1 + -2 + 4 + -5 - 1?
-5
What is the value of (-4 - -4) + (-11 - -2)?
-9
Evaluate (-13 - (-6 + -3)) + 0 + -3.
-7
2 - (-3 - 1 - -8)
-2
Evaluate -6 - (0 - (4 + 3)).
1
(3 - 1) + -3 - (-1 + 5)
-5
Calculate (3 - (5 + -9)) + 0.
7
Calculate (-2 - (9 + -8)) + 3.
0
(-11 - -8) + 2 + -6 - -3
-4
What is 2 - (6 - (-3 + (7 - 5)))?
-5
What is 2 + (-8 + 8 - -7)?
9
Evaluate 3 + -3 + 4 + -3.
1
Evaluate (0 - (7 + -11)) + -7.
-3
What is the value of 1 + 3 - (17 + -14)?
1
Evaluate 81 + -77 - (5 + -1).
0
What is the value of -7 - (-2 + (-1 + 5 - -1))?
-10
What is the value of (1 - 4 - (-4 + 4)) + -2?
-5
What is the value of 9 + 5 + -6 + -1 - 4?
3
What is -4 + 2 + 4 - (-7 - -4)?
5
Calculate 1 - 12 - (-21 - -18).
-8
Calculate 12 - (18 - (10 + 0)).
4
What is 6 - (-9 + (17 - 11))?
9
What is -6 + (0 - 1 - -3 - 1)?
-5
Evaluate -4 + 5 + 5 - 2.
4
What is 4 - (0 + 2 + -3)?
5
What is the value of -1 - (-4 + -5 - -6)?
2
Evaluate (-105 - -94) + (0 + 4 - 0).
-7
Evaluate 3 - (-4 + 3) - (0 + 3).
1
-4 + (0 - (3 - 4) - 0)
-3
-6 - -2 - (-6 + 4 - 0)
-2
What is 5 - (4 + -8 + 11)?
-2
Calculate 12 + (-10 - (-6 + 5)).
3
What is the value of 5 + -11 + -9 + 9?
-6
What is the value of 2 - (5 - (5 - 5 - 0))?
-3
What is the value of (-5 + 1 - 0) + (3 - 1)?
-2
Evaluate 3 + -2 + 2 + 2 + -4.
1
Calculate (-1 - -1) + -54 + 49.
-5
What is -4 + 19 + 46 + -53?
8
Calculate -5 + 1 + 5 + 5.
6
-4 - (5 - (-4 + 9 + 8))
4
What is 0 + (4 + 7 - 11)?
0
Evaluate (14 - 19) + (1 - -5) - 6.
-5
What is the value of -2 - (-5 + (2 - -3))?
-2
Calculate -1 - -6 - 6 - (3 - 8).
4
Evaluate 2 - (2 - -1) - -4 - 2.
1
Calculate 13 + -10 - 13 - -9.
-1
What is -6 + 12 + -9 + 3?
0
(4 - 0 - (-4 - -8)) + 3
3
Evaluate -4 - (-1 + -5 + 3).
-1
Calculate 5 + (4 - 3) - (7 - 3).
2
Calculate (1 - (-2 + 4)) + 2.
1
3 + (-5 - (-4 + 1))
1
(0 - -5) + -1 + (-5 - 6)
-7
What is (-21 - -27) + -13 + -1 + 5?
-3
Calculate (2 - (-2 + 1)) + 0 + 2.
5
What is the value of 1 + -4 + (10 - 2) + 0?
5
What is 3 - (-7 + 5) - (1 - -3)?
1
(1 - 4) + 29 + -28 - 1
-3
What is the value of -3 + 0 - (26 + -28) - -6?
5
Evaluate 4 + (16 - 17 - (0 - -6)).
-3
Evaluate -9 + 7 + -4 - -1.
-5
Evaluate 13 + -14 - (2 - 2).
-1
What is -1 + -3 + 4 + -6 + 2?
-4
Evaluate 2 + 1 + (-24 - -15).
-6
What is -78 + 74 + 8 + -1?
3
Calculate (-1 - -2) + -12 + 8.
-3
What is 1 + 0 - (0